{"id":42,"date":"2012-03-04T19:33:39","date_gmt":"2012-03-04T17:33:39","guid":{"rendered":"http:\/\/www.pihlaiset.com\/?page_id=42"},"modified":"2020-06-30T11:08:55","modified_gmt":"2020-06-30T09:08:55","slug":"42-2","status":"publish","type":"page","link":"https:\/\/www.pihlaiset.com\/?page_id=42","title":{"rendered":"Paavon tod."},"content":{"rendered":"<p>Er\u00e4\u00e4n\u00e4 lokakuisena y\u00f6n\u00e4 v. 1994 rukoilin ensimm\u00e4ist\u00e4 kertaa el\u00e4m\u00e4ni vaikeuksissa. Pyysin, ett\u00e4 jos sin\u00e4 Jumala olet olemassa, niin auta minua ja anna minun syntini anteeksi. Siin\u00e4 hetkess\u00e4 koin ihmeen: rauha laskeutui syd\u00e4meeni\u00a0 ja sain kokea syntieni anteeksiantamuksen. Synnyin Jumalan lapseksi.<\/p>\n<p>Varmuus Jumalan olemassaolosta selvisi ja sain el\u00e4m\u00e4lleni tarkoituksen, rauhan ja ilon! Sisimm\u00e4ss\u00e4ni alkoi soida &#8221;uusi laulu&#8221; ja aloin saada sanoja ja s\u00e4veli\u00e4 Taivaan Is\u00e4lt\u00e4. Lauluja on syntynyt Raamatun teksteihin ja erilaisiin vaiheisiin t\u00e4ll\u00e4 Taivastiell\u00e4.<\/p>\n<p>Toivon, ett\u00e4 lauluni auttavat sinua l\u00f6yt\u00e4m\u00e4\u00e4n Jeesuksen, joka antaa el\u00e4m\u00e4\u00e4n toivon, ilon ja tarkoituksen.<\/p>\n<p>Vaikeuksien keskell\u00e4 H\u00e4n on luvannut auttaa. Rohkaisen sinua, joka olet taakkojesi painamana, sairaana, murheellisena tai pelkojen keskell\u00e4: Jumala on l\u00e4hell\u00e4si. Turvaa H\u00e4neen!\u00a0 \u00c4l\u00e4 luovuta, vaan luota Is\u00e4\u00e4n!<\/p>\n<p><img loading=\"lazy\" decoding=\"async\" class=\"aligncenter size-medium wp-image-550\" src=\"http:\/\/www.pihlaiset.com\/wp\/wp-content\/uploads\/2020\/06\/DSC_3612-200x300.jpg\" alt=\"\" width=\"200\" height=\"300\" srcset=\"https:\/\/www.pihlaiset.com\/wp\/wp-content\/uploads\/2020\/06\/DSC_3612-200x300.jpg 200w, https:\/\/www.pihlaiset.com\/wp\/wp-content\/uploads\/2020\/06\/DSC_3612-683x1024.jpg 683w, https:\/\/www.pihlaiset.com\/wp\/wp-content\/uploads\/2020\/06\/DSC_3612-768x1151.jpg 768w, https:\/\/www.pihlaiset.com\/wp\/wp-content\/uploads\/2020\/06\/DSC_3612-1025x1536.jpg 1025w, https:\/\/www.pihlaiset.com\/wp\/wp-content\/uploads\/2020\/06\/DSC_3612-1367x2048.jpg 1367w, https:\/\/www.pihlaiset.com\/wp\/wp-content\/uploads\/2020\/06\/DSC_3612-scaled.jpg 1709w\" sizes=\"auto, (max-width: 200px) 100vw, 200px\" \/><\/p>\n","protected":false},"excerpt":{"rendered":"<p>Er\u00e4\u00e4n\u00e4 lokakuisena y\u00f6n\u00e4 v. 1994 rukoilin ensimm\u00e4ist\u00e4 kertaa el\u00e4m\u00e4ni vaikeuksissa. Pyysin, ett\u00e4 jos sin\u00e4 Jumala olet olemassa, niin auta minua ja anna minun syntini anteeksi. Siin\u00e4 hetkess\u00e4 koin ihmeen: rauha laskeutui syd\u00e4meeni\u00a0 ja sain kokea syntieni anteeksiantamuksen. Synnyin Jumalan lapseksi. Varmuus Jumalan olemassaolosta selvisi ja sain el\u00e4m\u00e4lleni tarkoituksen, rauhan ja ilon! Sisimm\u00e4ss\u00e4ni alkoi soida &#8221;uusi [&hellip;]<\/p>\n","protected":false},"author":1,"featured_media":0,"parent":0,"menu_order":0,"comment_status":"open","ping_status":"open","template":"","meta":{"footnotes":""},"class_list":["post-42","page","type-page","status-publish","hentry"],"_links":{"self":[{"href":"https:\/\/www.pihlaiset.com\/index.php?rest_route=\/wp\/v2\/pages\/42","targetHints":{"allow":["GET"]}}],"collection":[{"href":"https:\/\/www.pihlaiset.com\/index.php?rest_route=\/wp\/v2\/pages"}],"about":[{"href":"https:\/\/www.pihlaiset.com\/index.php?rest_route=\/wp\/v2\/types\/page"}],"author":[{"embeddable":true,"href":"https:\/\/www.pihlaiset.com\/index.php?rest_route=\/wp\/v2\/users\/1"}],"replies":[{"embeddable":true,"href":"https:\/\/www.pihlaiset.com\/index.php?rest_route=%2Fwp%2Fv2%2Fcomments&post=42"}],"version-history":[{"count":10,"href":"https:\/\/www.pihlaiset.com\/index.php?rest_route=\/wp\/v2\/pages\/42\/revisions"}],"predecessor-version":[{"id":551,"href":"https:\/\/www.pihlaiset.com\/index.php?rest_route=\/wp\/v2\/pages\/42\/revisions\/551"}],"wp:attachment":[{"href":"https:\/\/www.pihlaiset.com\/index.php?rest_route=%2Fwp%2Fv2%2Fmedia&parent=42"}],"curies":[{"name":"wp","href":"https:\/\/api.w.org\/{rel}","templated":true}]}}