{"id":13,"date":"2012-03-03T19:09:44","date_gmt":"2012-03-03T17:09:44","guid":{"rendered":"http:\/\/www.pihlaiset.com\/?page_id=13"},"modified":"2025-04-13T08:02:51","modified_gmt":"2025-04-13T06:02:51","slug":"tervetuloa-ulla-ja-paavo-pihlaisen-kotisivuille","status":"publish","type":"page","link":"https:\/\/www.pihlaiset.com\/","title":{"rendered":"Tervetuloa!"},"content":{"rendered":"<h3 style=\"text-align: center;\"><em><strong>Tervetuloa Ulla ja Paavo Pihlaisen\u00a0\u00a0kotisivuille!<\/strong><\/em><\/h3>\n<p><a href=\"http:\/\/www.pihlaiset.com\/wp\/wp-content\/uploads\/2012\/03\/DSC_3641-2.jpg\"><img loading=\"lazy\" decoding=\"async\" class=\"aligncenter wp-image-197\" src=\"http:\/\/www.pihlaiset.com\/wp\/wp-content\/uploads\/2012\/03\/DSC_3641-2-300x300.jpg\" alt=\"DSC_3641 (2)\" width=\"430\" height=\"430\" srcset=\"https:\/\/www.pihlaiset.com\/wp\/wp-content\/uploads\/2012\/03\/DSC_3641-2-300x300.jpg 300w, https:\/\/www.pihlaiset.com\/wp\/wp-content\/uploads\/2012\/03\/DSC_3641-2-150x150.jpg 150w, https:\/\/www.pihlaiset.com\/wp\/wp-content\/uploads\/2012\/03\/DSC_3641-2-1024x1024.jpg 1024w\" sizes=\"auto, (max-width: 430px) 100vw, 430px\" \/><\/a><a href=\"http:\/\/www.pihlaiset.com\/wp\/wp-content\/uploads\/2012\/03\/DSC_3641.jpg\"><br \/>\n<\/a><\/p>\n<p>Ulla (s.-68) ja Paavo (s.-66) Pihlainen ovat aviopari Karstulasta. Karstula sijaitsee pohjoisessa Keski-Suomessa.<\/p>\n<p>Pihlaiset ovat yhdess\u00e4 tehneet musiikkia 29 vuoden ajan vuodesta 1996 alkaen eri puolilla Suomea erilaisissa hengellisiss\u00e4 tapahtumissa eri seurakunnissa.<\/p>\n<p>Tapahtumissa Paavo laulaa, Ulla s\u00e4est\u00e4\u00e4 kosketinsoittimilla. Paavo soittaa my\u00f6s tarvittaessa kitaraa, bassoa ym. Perheeseen kuuluu my\u00f6s kaksi lasta, jotka ovat mukana kokoonpanossa silloin t\u00e4ll\u00f6in.<\/p>\n<p>Kun Paavo koki v. 1994 muutoksen el\u00e4m\u00e4ss\u00e4\u00e4n tullessaan uskoon, h\u00e4n alkoi saada lauluja, sanoja ja s\u00e4veli\u00e4, joita Ulla sovittaa. Paavon laulut kertovat Paavon el\u00e4m\u00e4ss\u00e4 tapahtuneesta muutoksesta, jolloin h\u00e4n sai tulla uskoon ja l\u00f6ysi el\u00e4m\u00e4\u00e4ns\u00e4 tarkoituksen.<\/p>\n<p>Erilaiset Raamatun tekstit ovat olleet tekstien pohjana; psalmit, evankeliumin antama ilo, rauha, kiitollisuus, anteeksianto, taivas, risti, Jeesusta kuvaavat laulut ym.\u00a0 Laulut kertovat Jumalan anteeksiantavasta armosta. Osa lauluista kuvaa Jeesusta, taivasta ja el\u00e4m\u00e4ntarkoituksen l\u00f6ytymist\u00e4. Raamatun jakeet ovat useasti innoittajina teksteille esim. lauluja psalmeista.<\/p>\n<p>Aikamedia on julkaissut 3 \u00e4\u00e4nitett\u00e4, jotka sis\u00e4lt\u00e4v\u00e4t Paavon saamia lauluja Paavon laulamana: Uuteen P\u00e4iv\u00e4\u00e4n (1998) ja Luotan Is\u00e4\u00e4n (2005) sek\u00e4 Juhlakooste 20v (2016). \u00a0\u201dLaulu on Jees\u201d- CD:ll\u00e4 (2004) on Paavon tekemi\u00e4 hengellisi\u00e4 lastenlauluja. Paavon lauluja kuulee my\u00f6s Patmos-radion ja Radio Dein aalloilla sek\u00e4 TV-7:ssa. Ulla ja Paavo Pihlainen- juhlakooste 20v- CD ilmestyi v. 2016.\u00a0 Juhlakoosteessa on 25 laulua kahdelta aikaisemmalta \u00e4\u00e4nitteelt\u00e4, 80 min. musiikkia!<\/p>\n<p>Viimeisin \u00e4\u00e4nitteemme, nimelt\u00e4\u00e4n <strong>&#8221;Toisenlainen maailma&#8221;\u00a0<\/strong>syntyi vuonna 2017. CD sis\u00e4lt\u00e4\u00e4 15 uutta Paavon sanoittamaa ja s\u00e4velt\u00e4m\u00e4\u00e4 laulua, jotka pohjautuvat Raamatun teksteihin ja tekij\u00e4n omakohtaisiin kokemuksiin uskonel\u00e4m\u00e4ss\u00e4. Aiheina mm. l\u00e4hetysty\u00f6, kiitos, rohkaisu, rukous, perusevankeliumi ja psalmeja&#8230; CD:ll\u00e4 kuullaan aitoja soolosoittimia kuten viulua, klarinettia, pasuunaa, flyygeli\u00e4 b\u00e4ndisoittimien lis\u00e4ksi. Hienot soitinnukset ovat Juha T\u00f6rm\u00e4n k\u00e4sialaa.<\/p>\n<p>Jos olet kiinnostunut CD:ist\u00e4, meilt\u00e4 voi tilata Juhlakooste-CD:t\u00e4 ja Toisenlainen maailma-CD:t\u00e4. (p. 040-5356894 tai s-postitse: ulla.pihlainen@gmail.com).<\/p>\n<p><a href=\"http:\/\/www.pihlaiset.com\/?page_id=97\">Voit tutustua kuuntelemalla uusimpaan CD:seen \u00e4\u00e4nitteet-valikosta klikkaamalla kappaleiden otsikkoja!<\/a><\/p>\n<p><span style=\"color: #000000;\"><a href=\"http:\/\/www.pihlaiset.com\/wp\/wp-content\/uploads\/2012\/03\/juliste_pihlaiset-1.pdf\">juliste_pihlaiset<\/a><\/span><\/p>\n<p><img loading=\"lazy\" decoding=\"async\" class=\"aligncenter wp-image-347\" src=\"http:\/\/www.pihlaiset.com\/wp\/wp-content\/uploads\/2012\/03\/Kuva-44-1-1-300x240.jpg\" alt=\"\" width=\"277\" height=\"222\" srcset=\"https:\/\/www.pihlaiset.com\/wp\/wp-content\/uploads\/2012\/03\/Kuva-44-1-1-300x240.jpg 300w, https:\/\/www.pihlaiset.com\/wp\/wp-content\/uploads\/2012\/03\/Kuva-44-1-1-768x614.jpg 768w, https:\/\/www.pihlaiset.com\/wp\/wp-content\/uploads\/2012\/03\/Kuva-44-1-1-1024x819.jpg 1024w\" sizes=\"auto, (max-width: 277px) 100vw, 277px\" \/><\/p>\n<h2><span style=\"color: #0000ff;\">\u00a0<\/span><span style=\"color: #666699;\"><a style=\"color: #666699;\" href=\"http:\/\/www.pihlaiset.com\/wp\/wp-content\/uploads\/2012\/03\/juliste_pihlaiset.pdf\">juliste_pihlais<\/a>et\u00a0<\/span><\/h2>\n<p><img loading=\"lazy\" decoding=\"async\" class=\"aligncenter  wp-image-552\" src=\"http:\/\/www.pihlaiset.com\/wp\/wp-content\/uploads\/2020\/06\/DSC_3662-300x200.jpg\" alt=\"\" width=\"359\" height=\"239\" srcset=\"https:\/\/www.pihlaiset.com\/wp\/wp-content\/uploads\/2020\/06\/DSC_3662-300x200.jpg 300w, https:\/\/www.pihlaiset.com\/wp\/wp-content\/uploads\/2020\/06\/DSC_3662-1024x683.jpg 1024w, https:\/\/www.pihlaiset.com\/wp\/wp-content\/uploads\/2020\/06\/DSC_3662-768x513.jpg 768w, https:\/\/www.pihlaiset.com\/wp\/wp-content\/uploads\/2020\/06\/DSC_3662-1536x1025.jpg 1536w, https:\/\/www.pihlaiset.com\/wp\/wp-content\/uploads\/2020\/06\/DSC_3662-2048x1367.jpg 2048w\" sizes=\"auto, (max-width: 359px) 100vw, 359px\" \/><\/p>\n<p><img loading=\"lazy\" decoding=\"async\" class=\" wp-image-238 aligncenter\" src=\"http:\/\/www.pihlaiset.com\/wp\/wp-content\/uploads\/2012\/03\/DSC_3664-2-300x300.jpg\" alt=\"DSC_3664 (2)\" width=\"527\" height=\"527\" srcset=\"https:\/\/www.pihlaiset.com\/wp\/wp-content\/uploads\/2012\/03\/DSC_3664-2-300x300.jpg 300w, https:\/\/www.pihlaiset.com\/wp\/wp-content\/uploads\/2012\/03\/DSC_3664-2-150x150.jpg 150w, https:\/\/www.pihlaiset.com\/wp\/wp-content\/uploads\/2012\/03\/DSC_3664-2-1024x1024.jpg 1024w, https:\/\/www.pihlaiset.com\/wp\/wp-content\/uploads\/2012\/03\/DSC_3664-2.jpg 1719w\" sizes=\"auto, (max-width: 527px) 100vw, 527px\" \/><\/p>\n","protected":false},"excerpt":{"rendered":"<p>Tervetuloa Ulla ja Paavo Pihlaisen\u00a0\u00a0kotisivuille! Ulla (s.-68) ja Paavo (s.-66) Pihlainen ovat aviopari Karstulasta. Karstula sijaitsee pohjoisessa Keski-Suomessa. Pihlaiset ovat yhdess\u00e4 tehneet musiikkia 29 vuoden ajan vuodesta 1996 alkaen eri puolilla Suomea erilaisissa hengellisiss\u00e4 tapahtumissa eri seurakunnissa. Tapahtumissa Paavo laulaa, Ulla s\u00e4est\u00e4\u00e4 kosketinsoittimilla. Paavo soittaa my\u00f6s tarvittaessa kitaraa, bassoa ym. Perheeseen kuuluu my\u00f6s kaksi lasta, [&hellip;]<\/p>\n","protected":false},"author":1,"featured_media":0,"parent":0,"menu_order":1,"comment_status":"closed","ping_status":"open","template":"","meta":{"footnotes":""},"class_list":["post-13","page","type-page","status-publish","hentry"],"_links":{"self":[{"href":"https:\/\/www.pihlaiset.com\/index.php?rest_route=\/wp\/v2\/pages\/13","targetHints":{"allow":["GET"]}}],"collection":[{"href":"https:\/\/www.pihlaiset.com\/index.php?rest_route=\/wp\/v2\/pages"}],"about":[{"href":"https:\/\/www.pihlaiset.com\/index.php?rest_route=\/wp\/v2\/types\/page"}],"author":[{"embeddable":true,"href":"https:\/\/www.pihlaiset.com\/index.php?rest_route=\/wp\/v2\/users\/1"}],"replies":[{"embeddable":true,"href":"https:\/\/www.pihlaiset.com\/index.php?rest_route=%2Fwp%2Fv2%2Fcomments&post=13"}],"version-history":[{"count":10,"href":"https:\/\/www.pihlaiset.com\/index.php?rest_route=\/wp\/v2\/pages\/13\/revisions"}],"predecessor-version":[{"id":705,"href":"https:\/\/www.pihlaiset.com\/index.php?rest_route=\/wp\/v2\/pages\/13\/revisions\/705"}],"wp:attachment":[{"href":"https:\/\/www.pihlaiset.com\/index.php?rest_route=%2Fwp%2Fv2%2Fmedia&parent=13"}],"curies":[{"name":"wp","href":"https:\/\/api.w.org\/{rel}","templated":true}]}}